 divisor of 541982 and 42?
14
What is the greatest common factor of 2871 and 627?
33
Calculate the greatest common divisor of 463393 and 1544.
193
What is the greatest common divisor of 1708 and 3538?
122
Calculate the greatest common factor of 62 and 477121.
31
Calculate the highest common factor of 905 and 808527.
181
Calculate the greatest common factor of 888 and 80364.
444
What is the highest common divisor of 9184 and 34727?
287
Calculate the highest common divisor of 288 and 14592.
96
Calculate the greatest common factor of 18 and 2463030.
18
What is the greatest common factor of 1008 and 612738?
126
Calculate the highest common divisor of 4400 and 860.
20
Calculate the highest common factor of 49710 and 60.
30
What is the greatest common factor of 87480 and 522?
18
What is the highest common factor of 20466 and 432?
54
What is the highest common factor of 4352 and 289?
17
What is the highest common factor of 340 and 155?
5
Calculate the greatest common factor of 203 and 1589.
7
What is the highest common divisor of 23185 and 25?
5
Calculate the greatest common factor of 41 and 78392.
41
What is the highest common divisor of 40 and 1351920?
40
Calculate the highest common divisor of 368 and 1280.
16
What is the greatest common divisor of 5 and 797915?
5
Calculate the greatest common factor of 584340 and 4.
4
Calculate the highest common divisor of 51937 and 1169.
167
What is the highest common divisor of 114 and 106856?
38
What is the highest common divisor of 642032 and 416?
16
Calculate the greatest common divisor of 7563634 and 13.
13
What is the highest common factor of 115598 and 138?
46
What is the greatest common factor of 9205 and 665?
35
What is the highest common factor of 2674728 and 504?
504
Calculate the greatest common factor of 345422 and 154.
154
Calculate the greatest common divisor of 600 and 7400.
200
What is the greatest common factor of 51 and 65280?
51
What is the greatest common divisor of 16 and 713816?
8
Calculate the highest common divisor of 120614 and 806.
26
What is the greatest common divisor of 9508 and 1052?
4
What is the highest common divisor of 91662 and 90?
6
Calculate the highest common factor of 18432 and 15.
3
Calculate the greatest common divisor of 146511 and 9198.
657
Calculate the highest common factor of 38 and 297274.
38
What is the greatest common factor of 131663 and 637?
49
Calculate the greatest common factor of 5438664 and 308.
308
Calculate the highest common divisor of 1216306 and 5166.
574
What is the greatest common factor of 20329 and 8412?
701
What is the greatest common divisor of 8230 and 290?
10
Calculate the greatest common factor of 96 and 7728.
48
What is the greatest common divisor of 6 and 7976202?
6
What is the greatest common factor of 121397 and 85?
17
Calculate the highest common factor of 41939 and 17.
17
Calculate the highest common factor of 308090 and 10.
10
Calculate the highest common factor of 47133 and 27.
9
What is the highest common factor of 768609 and 9?
9
Calculate the highest common factor of 2166 and 417.
3
Calculate the highest common factor of 986 and 40658.
58
What is the greatest common divisor of 135 and 22170?
15
Calculate the greatest common divisor of 43022 and 99214.
878
Calculate the highest common divisor of 17838 and 549.
9
Calculate the highest common divisor of 199243 and 22.
11
What is the greatest common factor of 52621 and 1515?
101
Calculate the highest common divisor of 2833688 and 156.
52
Calculate the greatest common divisor of 2214 and 14.
2
Calculate the highest common factor of 56640 and 394710.
1770
Calculate the highest common divisor of 12397 and 136906.
539
Calculate the highest common divisor of 191612 and 6.
2
Calculate the greatest common factor of 5146 and 434.
62
Calculate the highest common divisor of 132 and 351384.
132
Calculate the highest common factor of 62 and 48949.
31
Calculate the highest common divisor of 608494 and 1206.
134
What is the greatest common divisor of 240 and 99240?
120
Calculate the highest common factor of 41 and 2521705.
41
What is the highest common factor of 4408 and 14384?
232
What is the highest common divisor of 1460 and 120?
20
Calculate the highest common divisor of 4521629 and 6531.
2177
Calculate the greatest common factor of 4574361 and 22.
11
Calculate the highest common factor of 156 and 520416.
156
What is the greatest common factor of 136 and 12393?
17
What is the highest common factor of 2091 and 30135?
123
Calculate the highest common factor of 579 and 29336.
193
Calculate the highest common divisor of 527 and 12834.
31
What is the highest common factor of 15960 and 312?
24
Calculate the greatest common factor of 2564 and 25.
1
What is the highest common divisor of 8032 and 64?
32
What is the highest common divisor of 567064 and 79622?
1942
Calculate the greatest common factor of 292809 and 264.
33
What is the highest common factor of 675 and 27?
27
Calculate the highest common factor of 399856 and 272.
16
What is the highest common divisor of 132 and 94578?
66
Calculate the highest common factor of 154640 and 4240.
80
What is the greatest common factor of 74624 and 70384?
848
What is the highest common factor of 311 and 1244311?
311
What is the highest common divisor of 30 and 70944?
6
Calculate the highest common divisor of 232620 and 120.
60
What is the greatest common divisor of 8508 and 25080?
12
What is the greatest common factor of 214602 and 282?
282
What is the highest common divisor of 1935 and 151059?
129
Calculate the greatest common factor of 141247 and 8905.
137
What is the greatest common factor of 48 and 24756?
12
Calculate the greatest common divisor of 1260798 and 462.
462
Calculate the highest common factor of 498 and 492937.
83
What is the greatest common factor of 1164 and 136867?
97
Calculate the highest common factor of 1121350 and 8752.
1094
Calculate the greatest common factor of 1128 and 4565768.
376
Calculate the greatest common divisor of 6482 and 11109.
7
Calculate the highest common divisor of 548 and 249614.
274
Calculate the highest common factor of 6000 and 312.
24
Calculate the greatest common factor of 211860 and 2244.
132
Calculate the greatest common divisor of 81671 and 12.
1
Calculate the greatest common factor of 4335 and 10965.
255
What is the highest common factor of 782 and 10258?
46
What is the highest common factor of 31535 and 15?
5
Calculate the highest common factor of 679084 and 1659.
553
What is the highest common divisor of 208 and 46384?
208
What is the highest common divisor of 748 and 943602?
374
What is the highest common factor of 108 and 66414?
6
Calculate the highest common divisor of 1372 and 2100.
28
What is the highest common factor of 23500 and 26500?
500
What is the highest common factor of 2421 and 170277?
807
Calculate the greatest common divisor of 17 and 672367.
17
Calculate the greatest common divisor of 8763 and 23.
23
Calculate the greatest common divisor of 156445 and 335.
335
What is the highest common factor of 583024 and 2600?
104
Calculate the greatest common divisor of 222 and 2368.
74
Calculate the highest common factor of 1099758 and 30.
6
Calculate the highest common factor of 980 and 17983.
49
What is the greatest common divisor of 420 and 6230?
70
Calculate the greatest common factor of 15642 and 324.
18
Calculate the greatest common divisor of 212 and 131069.
53
What is the highest common divisor of 15 and 107915?
5
What is the highest common factor of 23 and 25551137?
23
Calculate the greatest common factor of 5181 and 14619.
33
What is the greatest common divisor of 10912 and 2354?
22
Calculate the greatest common factor of 28483 and 130.
13
Calculate the highest common divisor of 44 and 1828.
4
What is the greatest common factor of 169517 and 40133?
599
What is the highest common divisor of 9571 and 51?
17
What is the greatest common divisor of 45048 and 72?
24
Calculate the greatest common factor of 295077 and 41.
41
What is the greatest common factor of 17110 and 1130?
10
Calculate the highest common divisor of 19115402 and 194.
194
What is the highest common divisor of 25254 and 26718?
366
Calculate the highest common divisor of 44921 and 29.
29
Calculate the highest common factor of 440 a